eatest common factor of 27216525 and 329.
329
What is the highest common divisor of 14878 and 4774108?
346
What is the highest common divisor of 45517654 and 72618?
3458
Calculate the greatest common factor of 21 and 34480887.
21
Calculate the highest common divisor of 62951130 and 264.
66
Calculate the greatest common divisor of 736 and 2444440.
184
Calculate the greatest common factor of 415467 and 65.
13
What is the highest common divisor of 1052 and 3032?
4
What is the highest common divisor of 926607 and 65274?
1419
What is the greatest common factor of 48167 and 62844173?
6881
What is the greatest common divisor of 6544959 and 13073?
769
Calculate the greatest common divisor of 4456293 and 6837.
159
Calculate the highest common factor of 1084851 and 5211.
9
What is the highest common divisor of 25168 and 1507792?
2288
What is the greatest common divisor of 733 and 690617940?
733
Calculate the highest common divisor of 946638 and 216.
18
Calculate the greatest common factor of 184 and 3376696.
8
Calculate the greatest common divisor of 110442640 and 6930.
770
What is the greatest common divisor of 66 and 7646386?
22
What is the greatest common factor of 15806 and 531231757?
7903
What is the highest common divisor of 18742 and 808?
2
Calculate the highest common divisor of 20 and 2827225.
5
Calculate the greatest common factor of 168840 and 51030.
630
Calculate the highest common divisor of 114244843 and 487.
487
Calculate the greatest common factor of 14121576 and 28056.
168
What is the highest common factor of 55246856 and 3016?
232
What is the highest common divisor of 213030 and 326754?
162
What is the highest common divisor of 2900 and 99350?
50
What is the highest common factor of 1075 and 58481075?
1075
Calculate the greatest common divisor of 448018 and 80.
2
Calculate the greatest common divisor of 88 and 3154216.
8
What is the highest common factor of 19349 and 3223?
11
What is the greatest common divisor of 15297043 and 1457?
1457
Calculate the highest common factor of 9398369 and 19.
19
What is the highest common factor of 7533 and 852531?
93
What is the highest common factor of 1748986036 and 2296?
1148
Calculate the highest common divisor of 17 and 3083749.
17
Calculate the highest common divisor of 186618 and 31578.
114
Calculate the greatest common factor of 31093 and 713.
31
Calculate the highest common divisor of 4 and 2909708.
4
Calculate the greatest common factor of 624 and 75264624.
48
What is the greatest common divisor of 244 and 2469707?
61
Calculate the highest common divisor of 20508388 and 4296.
716
Calculate the greatest common divisor of 5104850 and 125.
25
What is the greatest common divisor of 430384 and 6512?
592
What is the greatest common factor of 3992501 and 391?
391
What is the greatest common factor of 100501098 and 15528?
3882
What is the greatest common factor of 493 and 777869?
17
What is the highest common factor of 57208 and 9712?
8
What is the greatest common divisor of 3096 and 3251880?
72
What is the greatest common divisor of 15684790 and 330?
110
Calculate the greatest common divisor of 119616 and 587400.
2136
Calculate the highest common divisor of 3024 and 11012904.
504
What is the greatest common divisor of 917358754 and 78?
26
Calculate the greatest common factor of 1215003176 and 8.
8
Calculate the greatest common factor of 35082027 and 9.
9
Calculate the greatest common divisor of 4116079 and 22.
11
Calculate the highest common factor of 8360 and 144460.
20
Calculate the highest common factor of 1253 and 11053.
7
What is the highest common factor of 142927 and 77550?
47
What is the greatest common factor of 2359955 and 104?
13
Calculate the greatest common divisor of 4575790 and 962.
74
Calculate the highest common factor of 1848 and 976569.
33
Calculate the greatest common divisor of 16865302 and 1426.
1426
What is the greatest common factor of 10816 and 620127248?
2704
Calculate the highest common divisor of 5127645 and 105.
15
What is the greatest common divisor of 222876 and 205164?
1476
What is the greatest common divisor of 3217438 and 392?
98
Calculate the greatest common factor of 6607808 and 3216.
1072
Calculate the highest common factor of 33 and 304952560.
11
What is the greatest common divisor of 9831372 and 408?
204
Calculate the highest common factor of 16 and 138404296.
8
What is the greatest common divisor of 51662 and 800332?
26
What is the highest common divisor of 8965342 and 851834?
8434
Calculate the greatest common factor of 27392 and 48364.
428
What is the greatest common divisor of 2131965 and 7257?
177
What is the greatest common factor of 12477947 and 29107?
2239
Calculate the highest common factor of 49032 and 2373864.
24
What is the greatest common divisor of 70171 and 4050509?
1493
Calculate the greatest common divisor of 8848 and 5677.
7
What is the highest common divisor of 50323830 and 30?
30
What is the greatest common factor of 9397566 and 3672?
918
Calculate the highest common factor of 33446 and 224566.
4778
What is the highest common divisor of 102200 and 5222?
14
Calculate the greatest common divisor of 132 and 574937.
11
Calculate the greatest common divisor of 979391 and 119.
7
What is the greatest common divisor of 1264940460 and 215?
215
What is the highest common factor of 70923 and 943125?
1509
Calculate the greatest common factor of 2632 and 20333140.
188
Calculate the highest common factor of 25554 and 20733.
3
Calculate the greatest common divisor of 703 and 29007889.
703
What is the greatest common divisor of 885132 and 24012?
828
Calculate the greatest common divisor of 23820 and 15924.
12
Calculate the greatest common divisor of 1575 and 14347725.
525
What is the greatest common divisor of 110748 and 52833?
33
What is the greatest common divisor of 6 and 62359452?
6
Calculate the greatest common factor of 105922 and 121958.
422
Calculate the greatest common factor of 1704174 and 816501.
1977
What is the greatest common factor of 2623 and 6582083?
61
What is the greatest common divisor of 156 and 1568307?
39
What is the highest common factor of 64047 and 8064729?
1731
What is the highest common factor of 95591 and 6120?
17
What is the greatest common factor of 202781796 and 1592?
796
What is the highest common factor of 66327716 and 46436?
2444
What is the highest common divisor of 770 and 55043065?
385
Calculate the highest common factor of 1780246 and 1426.
46
Calculate the greatest common factor of 11478 and 5975.
1
Calculate the highest common divisor of 4476760 and 40.
40
What is the greatest common factor of 924 and 7936852?
308
Calculate the highest common divisor of 168 and 417837616.
56
Calculate the highest common factor of 3168484 and 183056.
2692
Calculate the greatest common factor of 1812 and 9402468.
1812
What is the greatest common divisor of 2818016 and 544?
32
What is the greatest common divisor of 1053379 and 855?
19
Calculate the greatest common factor of 1659 and 20608098.
1659
Calculate the highest common divisor of 37269 and 218653082.
4141
What is the highest common divisor of 3653054 and 1?
1
What is the greatest common divisor of 74 and 101371046?
74
Calculate the greatest common divisor of 27764 and 430672.
44
Calculate the greatest common factor of 35300778 and 618.
618
What is the greatest common factor of 188985 and 350880?
645
What is the highest common factor of 306 and 5802993?
9
Calculate the highest common factor of 13473 and 3567351.
1497
Calculate the greatest common factor of 86221943 and 5559.
1853
What is the highest common divisor of 991428 and 2130?
6
Calculate the highest common factor of 4306741 and 1919.
101
Calculate the greatest common factor of 57371761 and 473.
43
Calculate the greatest common factor of 696943728 and 12.
12
What is the highest common factor of 47504 and 1921?
1
What is the greatest common factor of 265 and 8416294?
53
Calculate the highest common factor of 531354 and 291.
3
Calculate the highest common divisor of 20193888 and 4290.
858
Calculate the greatest common divisor of 126224 and 3783584.
784
Calculate the greatest common factor of 55128605 and 70.
35
Calculate the greatest common factor of 111987 and 89769.
69
Calculate the highest common divisor of 6908331 an